1864689?
False
Does 423 divide 1263460?
False
Is 192 a factor of 20048?
False
Is 9541084 a multiple of 98?
True
Is 10 a factor of 4050780?
True
Does 115 divide 2077820?
True
Is 87797 a multiple of 142?
False
Is 11 a factor of 812680?
True
Is 2 a factor of 492634?
True
Does 9 divide 2577604?
False
Is 157 a factor of 1246335?
False
Does 43 divide 236543?
True
Is 377 a factor of 4618690?
False
Is 354430 a multiple of 15?
False
Is 91638 a multiple of 18?
True
Does 18 divide 1651716?
True
Does 102 divide 13545?
False
Is 308736 a multiple of 791?
False
Is 84322 a multiple of 7?
True
Is 385050 a multiple of 17?
True
Is 87 a factor of 86675?
False
Is 54873 a multiple of 39?
True
Is 601484 a multiple of 436?
False
Is 534767 a multiple of 25?
False
Is 7 a factor of 1491014?
True
Is 6100 a multiple of 244?
True
Does 380 divide 931000?
True
Is 579 a factor of 317444?
False
Is 1676896 a multiple of 8?
True
Does 11 divide 5689815?
False
Is 16 a factor of 709841?
False
Is 272909 a multiple of 14?
False
Is 1145807 a multiple of 3?
False
Is 291523 a multiple of 816?
False
Is 110 a factor of 357500?
True
Is 4 a factor of 13452?
True
Does 106 divide 3186784?
True
Is 1300537 a multiple of 4?
False
Is 977849 a multiple of 31?
False
Is 761 a factor of 5551495?
True
Is 38 a factor of 236094?
True
Is 282988 a multiple of 9?
False
Is 3 a factor of 77615?
False
Is 13653 a multiple of 111?
True
Is 13510 a multiple of 21?
False
Does 208 divide 5926805?
False
Does 11 divide 7477037?
False
Is 5 a factor of 114465?
True
Does 215 divide 1579820?
True
Is 12142 a multiple of 18?
False
Does 115 divide 172207?
False
Is 2082796 a multiple of 63?
False
Is 160 a factor of 120000?
True
Is 810 a factor of 5583330?
True
Does 35 divide 299465?
False
Is 32 a factor of 254342?
False
Does 40 divide 512640?
True
Is 195594 a multiple of 7?
True
Is 534600 a multiple of 69?
False
Does 80 divide 638400?
True
Is 20 a factor of 633310?
False
Is 18 a factor of 192456?
True
Does 19 divide 1337372?
True
Is 145806 a multiple of 6?
True
Is 182261 a multiple of 5?
False
Is 13 a factor of 26741?
True
Is 81 a factor of 1318931?
False
Does 264 divide 4420023?
False
Is 13 a factor of 31341?
False
Is 11 a factor of 156218?
False
Is 347175 a multiple of 155?
False
Is 38 a factor of 2983836?
True
Is 91 a factor of 9762662?
True
Does 854 divide 491904?
True
Does 29 divide 372442?
False
Does 394 divide 871134?
True
Is 12 a factor of 15367284?
True
Is 136 a factor of 241199?
False
Does 27 divide 3376431?
True
Is 23 a factor of 4260589?
True
Does 15 divide 1357628?
False
Is 1361529 a multiple of 243?
True
Is 9897487 a multiple of 1091?
False
Is 565860 a multiple of 15?
True
Does 39 divide 3937662?
False
Does 90 divide 2585824?
False
Does 13 divide 341431?
False
Is 14597 a multiple of 34?
False
Is 62 a factor of 5755832?
True
Is 306974 a multiple of 50?
False
Does 28 divide 10640?
True
Does 824 divide 881680?
True
Is 49 a factor of 3204896?
False
Is 13 a factor of 533936?
True
Is 11 a factor of 306338?
False
Is 4347742 a multiple of 71?
False
Is 52800 a multiple of 33?
True
Is 52919 a multiple of 12?
False
Is 415 a factor of 11029455?
True
Is 188 a factor of 395928?
True
Is 30 a factor of 225390?
True
Is 2094300 a multiple of 156?
True
Is 367892 a multiple of 8?
False
Is 395133 a multiple of 3?
True
Is 7 a factor of 502836?
False
Does 2 divide 6800?
True
Is 210 a factor of 75992?
False
Is 235891 a multiple of 5?
False
Is 906102 a multiple of 639?
True
Does 36 divide 477576?
True
Is 2395 a factor of 10446990?
True
Is 314 a factor of 4835286?
True
Is 117 a factor of 1250262?
True
Is 6 a factor of 431073?
False
Is 6724 a multiple of 10?
False
Does 15 divide 1752360?
True
Is 3089057 a multiple of 56?
False
Does 22 divide 57486?
True
Is 209 a factor of 84554?
False
Is 31 a factor of 322214?
True
Is 11 a factor of 66418?
True
Is 284616 a multiple of 6?
True
Does 50 divide 626029?
False
Is 20 a factor of 182220?
True
Does 208 divide 2194400?
True
Is 319563 a multiple of 737?
False
Does 176 divide 1166528?
True
Does 101 divide 162651?
False
Is 2 a factor of 50280?
True
Is 442923 a multiple of 5?
False
Does 171 divide 3019649?
False
Does 12 divide 973992?
True
Does 66 divide 8164924?
False
Is 58513 a multiple of 7?
True
Does 237 divide 6959631?
False
Does 33 divide 348414?
True
Is 342846 a multiple of 59?
False
Is 28392 a multiple of 52?
True
Is 43645 a multiple of 72?
False
Is 207007 a multiple of 28?
False
Is 318536 a multiple of 29?
True
Does 10 divide 837990?
True
Is 50179 a multiple of 361?
True
Is 8 a factor of 280232?
True
Is 7943866 a multiple of 488?
False
Is 9 a factor of 4335888?
False
Does 7 divide 1317260?
True
Does 7 divide 671482?
True
Is 2284017 a multiple of 29?
False
Does 429 divide 1387815?
True
Is 235415 a multiple of 35?
False
Is 294 a factor of 71442?
True
Does 405 divide 7786862?
False
Is 23 a factor of 461896?
False
Is 61 a factor of 603332?
False
Is 188 a factor of 3969432?
True
Does 38 divide 49734?
False
Does 13 divide 64467?
True
Does 29 divide 117372?
False
Does 171 divide 239039?
False
Is 14 a factor of 220780?
True
Is 641136 a multiple of 114?
True
Is 120972 a multiple of 113?
False
Does 34 divide 6417362?
False
Is 18779 a multiple of 7?
False
Is 5 a factor of 1357300?
True
Does 20 divide 387460?
True
Does 343 divide 518959?
True
Is 148 a factor of 233449?
False
Does 7 divide 12250?
True
Is 37889 a multiple of 6?
False
Is 8 a factor of 23445?
False
Is 169 a factor of 33462?
True
Does 19 divide 550107?
True
Is 909 a factor of 439814?
False
Is 208180 a multiple of 70?
True
Is 5 a factor of 359391?
False
Is 31 a factor of 1523131?
False
Does 6 divide 1410607?
False
Does 22 divide 122377?
False
Is 54662 a multiple of 362?
True
Is 40 a factor of 730040?
True
Is 3563425 a multiple of 122?
False
Is 94048 a multiple of 37?
False
Does 28 divide 332488?
False
Does 7 divide 29610?
True
Is 1451541 a multiple of 13?
True
Is 17 a factor of 37138?
False
Does 14 divide 9795312?
False
Does 74 divide 327957?
False
Does 57 divide 23871?
False
Does 22 divide 7178638?
False
Does 1098 divide 434808?
True
Is 7 a factor of 154140?
True
Does 21 divide 862386?
True
Is 301782 a multiple of 32?
False
Is 5 a factor of 85289?
False
Does 106 divide 170471?
False
Does 30 divide 9780?
True
Does 108 divide 65772?
True
Does 3 divide 1603353?
True
Is 34 a factor of 5337388?
True
Is 8562868 a multiple of 1436?
True
Is 58337 a multiple of 22?
False
Does 76 divide 12338?
False
Does 6 divide 44728?
False
Is 18 a factor of 2985587?
False
Is 250 a factor of 9910095?
False
Does 37 divide 545732?
False
Does 10 divide 74460?
True
Does 27 divide 695493?
True
Is 21 a factor of 45045?
True
Is 9469156 a multiple of 27?
False
Is 62 a factor of 402938?
True
Is 25961232 a multiple of 24?
True
Does 15 divide 8324359?
False
Is 217872 a multiple of 72?
True
Is 1243498 a multiple of 203?
False
Does 10 divide 103864?
False
Does 239 divide 1454157?
False
Does 22 divide 7003392?
True
Is 44 a factor of 305144?
False
Is 444 a factor of 1492728?
True
Is 3438477 a multiple of 2?
False
Is 2958480 a multiple of 560?
True
Does 459 divide 2198075?
False
Is 74918 a multiple of 2?
True
Does 353 divide 28251?
False
Is 446264 a multiple of 91?
True
Is 1980 a factor of 5881518?
False
Is 6175321 a multiple of 179?
True
Is 14 a factor of 1816453?
False
Is 1796455 a multiple of 16?
False
Is 8 a factor of 11783?
False
Does 100 divide 4101200?
True
Is 7 a factor of 161027?
False
Is 73 a factor of 1273484?
False
Is 225 a factor of 10701000?
True
Is 8 a factor of 21798?
False
Is 141213 a multiple of 457?
True
Is 36 a factor of 14292?
True
Is 840826 a multiple of 75?
False
Is 15 a factor of 408000?
True
Does 21 divide 356285?
False
Is 111 a factor of 6496879?
False
Is 27 a factor of 622917?
True
Is 20482 a multiple of 14?
True
Does 122 divide 252265?
False
Is 7132568 a multiple of 19?
False
Does 4 divide 69721?
False
Is 2976302 a multiple of 193?
False
Is 373594 a multiple of 158?
False
Is 408 a factor of 13575792?
True
Does 16 divide 354919?
False
Is 593251 a multiple of 63?
False
Is 78236 a multiple of 57?
False
Does 63 divide 269703?
True
Is 308434 a multiple of 243?
False
Is 462 a factor of 469775?
False
Does 12 divide 9312?
True
Does 56 divide 2790144?
True
Do